 prime factors of n.
2
Let f(w) = w**2 - 2*w + 1. What are the prime factors of f(-1)?
2
Suppose 3*s + 3 = 4*s. What are the prime factors of (4/s)/((-4)/(-30))?
2, 5
Suppose 4*d - 98 = 14. Let z be 4/(-10) + (-306)/(-15). Let y = d - z. What are the prime factors of y?
2
Suppose -3*y = -14*y + 3047. What are the prime factors of y?
277
Suppose 0 = 4*s - 51 - 61. Let w = s - 16. List the prime factors of w.
2, 3
Suppose f + 30 - 81 = 0. List the prime factors of f.
3, 17
Suppose 0 = -9*m + 7*m + 26. What are the prime factors of m?
13
Let y(l) = -l - 6. Let o = 18 - 26. List the prime factors of y(o).
2
Let i(m) = -m**2 - 4*m + 4. Let f be i(-6). Let k be (-15)/25 - (-54)/(-10). Let t = k - f. List the prime factors of t.
2
Suppose 2*c - 11 + 39 = 0. Let d = 27 + c. What are the prime factors of d?
13
Suppose 0 = -24*z + 29*z - 285. What are the prime factors of z?
3, 19
Suppose 0 = -3*j + 4 - 10. What are the prime factors of (-87)/(-3) - (-1 - j)?
2, 7
Let l(m) = -5*m - 2. List the prime factors of l(-8).
2, 19
Let z(n) = -n**2 - 4*n + 4. Let y be z(-4). Suppose -3*x + 20 = 4*k, 2*k - y = -x - 0*k. List the prime factors of x.
2, 3
Let d = 15 - 4. Suppose -d = -s + 2. What are the prime factors of s?
13
Let z(f) = -f**2 - 12*f + 5. What are the prime factors of z(-9)?
2
Suppose 85 = 5*n - 4*n. What are the prime factors of n?
5, 17
Let y(r) = -2*r + 2. What are the prime factors of y(-4)?
2, 5
Suppose -4*q + 51 = 3*p, 0 = q + 5*p - 2*p - 24. List the prime factors of q.
3
Let z(t) be the third derivative of t**3 - 3*t**2 + 1/60*t**5 + 1/6*t**4 + 0 + 0*t. What are the prime factors of z(-5)?
11
List the prime factors of -3*((-10)/(-3) + -4).
2
Suppose -4*b = -8, -3*x + 4*b = -b - 53. Let u be (x/28)/(3/8). Suppose 5*n + 14 = k, 0*k + u*n + 16 = 3*k. List the prime factors of k.
2
Suppose -2 + 20 = -3*i. List the prime factors of (i*1)/((-2)/1).
3
Let m(t) = t**3 + 15*t**2 - 19*t - 16. List the prime factors of m(-16).
2
Suppose -2*k - 1086 = -0*k. Let n be k/15 - 1/(-5). List the prime factors of (-2)/(-5) - n/10.
2
Let m be ((-8)/3 + 2)*-30. Suppose q - 1 - 2 = 0. List the prime factors of m + (q - (5 + -2)).
2, 5
What are the prime factors of (-3 - -132)*(-1 + 2) - 4?
5
Let h = 20 + -16. List the prime factors of h.
2
Let g = -1 - -3. Suppose -4*t + 3*p + 7 = 0, 0 = g*t - 3*t - 3*p + 13. What are the prime factors of 82/7 + t/14?
2, 3
Let k be 531/12 - 2/8. Suppose -1 = t, 2*t + 13 = 5*g - k. List the prime factors of g.
11
Let y = -1 + 3. Let d be 1/y + 15/6. Suppose -2 = -h + d. What are the prime factors of h?
5
Let y = -10 - -21. List the prime factors of y.
11
Suppose 279 = 5*w - 401. Suppose -i - w = -5*i. List the prime factors of i.
2, 17
What are the prime factors of (74/2)/(((-6)/(-4))/3)?
2, 37
Let h(o) = 183*o - 19. List the prime factors of h(2).
347
What are the prime factors of 18/189 + (-1636)/(-21)?
2, 3, 13
Let i be 1*-1 + (-6)/(-2). List the prime factors of i/((-4)/(-21))*2.
3, 7
Suppose 3*r = 4*i - 19, -9 = i + 2*r - 0*r. Let a be 8/(-6)*i*-12. Let d = 23 - a. What are the prime factors of d?
7
Let a(p) = -31*p + 2. Let s be a(2). Let d = -36 - s. List the prime factors of d.
2, 3
Suppose 3*u = 4*p + 735, u + 0*p + p = 252. What are the prime factors of u?
3, 83
Let j be 0/2 + (-5)/(-1). Suppose -j*b - 11 = -2*i, 10 = -3*b + b. List the prime factors of (-1 + i)*(-12)/8.
2, 3
What are the prime factors of (-14)/(-42) + 46/6?
2
What are the prime factors of (24/(-15))/((-12)/270)?
2, 3
Suppose -3*l + 5*q - 26 = -96, -l = -q - 26. List the prime factors of l.
2, 3, 5
Let q = -6 - -8. Let m = 4 + q. List the prime factors of m.
2, 3
List the prime factors of -5*(-4)/10 - 471/(-3).
3, 53
Suppose 14*u = 9*u + 265. List the prime factors of u.
53
Let d(x) = 2*x**2 + x + 1. Let c be d(-1). Suppose -3*o - c*v = 8 - 26, 0 = 4*o - 3*v - 24. List the prime factors of 3/o*-9*-2.
3
Let q(f) = -4*f**3 - 2*f**2 - 2. What are the prime factors of q(-2)?
2, 11
Let m = -60 + 66. What are the prime factors of m?
2, 3
Let n(a) = 5*a + 3. Let u be n(3). Let z be (1 - u)/((-3)/6). Let j = z - 24. What are the prime factors of j?
2, 5
Suppose 0 = 12*l - 6*l - 600. List the prime factors of l.
2, 5
Let b = -35 - -50. List the prime factors of b.
3, 5
Let n(r) = 4*r + 9. Suppose -4*b + 45 - 17 = 0. Let s(z) = -2*z - 4. Let i(m) = b*s(m) + 3*n(m). What are the prime factors of i(-2)?
3
Suppose -4*r = 0, 72 = 3*l - 4*r + 12. What are the prime factors of l?
2, 5
Let r(z) = 27*z - 9. List the prime factors of r(3).
2, 3
Let m(n) = -4*n + 10. What are the prime factors of m(-6)?
2, 17
Suppose -2*z = -2*w - 48, 5*z - 49 = -2*w + 64. Suppose 0 = 4*n - z - 17. List the prime factors of n.
2, 5
Let g(b) = b**3 - 2*b + 1. Let a = -5 - -7. Let u be g(a). Suppose -w = -u - 5. What are the prime factors of w?
2, 5
Let j(f) = 6*f**2 + 2*f + 4*f + 0*f - 2*f. What are the prime factors of j(-3)?
2, 3, 7
Let z = 885 - 592. List the prime factors of z.
293
Let c(j) = 5*j**2 + 16*j + 1. What are the prime factors of c(5)?
2, 103
What are the prime factors of (-5)/(-4 + 11/3)?
3, 5
Let i be 4/6 + 8/6. Suppose 4*w + 20 = -w, -i*w = v - 13. List the prime factors of 6/v + (-234)/(-14).
17
Let w(k) = -k - 1. Let n be w(-3). Suppose -n*m = m. Suppose -c + 16 = -3*y, 17 = 2*c - m*y - y. What are the prime factors of c?
7
Let v(t) = t**2 + t. Let b be v(0). Let w = b - 9. Let j = 0 - w. List the prime factors of j.
3
Let f(k) = k**3 - 13*k**2 + 15*k + 35. What are the prime factors of f(12)?
71
Let x(p) = 3*p**2 - 5*p + 2. List the prime factors of x(3).
2, 7
Suppose 3*q = -4*x - 176, 6*x - 84 = 2*q + 2*x. Let j = q + 92. What are the prime factors of j?
2, 5
Suppose -2*v - 606 = -4*w - v, -v + 2 = 0. List the prime factors of w.
2, 19
Suppose -7*y + 3*y = -8. Suppose 2*w - y = k - 10, -5*k - w + 51 = 0. What are the prime factors of k?
2, 5
Let o be -4*(1 + 9/(-4)). Suppose 26 - 5 = 4*b - o*y, -5*b + 5*y = -25. List the prime factors of ((-10)/b + 3)*22.
11
Let t(j) = -8*j + 4. What are the prime factors of t(-7)?
2, 3, 5
Suppose 2*f + 17 = 131. List the prime factors of f.
3, 19
Let t(p) = p**3 - 6*p**2 - 3*p - 5. Suppose -w + 17 - 1 = -3*j, 3*w - 4*j = 33. Let b be t(w). Let x = b - 9. List the prime factors of x.
2, 7
Let r(m) = m**3 - m + 8. Let d(j) = j**3 + 4*j**2 + 2*j + 6. Let t be d(-4). Let l be (-2 + 2)/(1*t). What are the prime factors of r(l)?
2
List the prime factors of (350/(-360) - (-2)/9)*-240.
2, 3, 5
Suppose 77 = 5*o - d, 5*o + 0*o = 2*d + 79. Suppose -2*r - 2*r + 98 = 2*z, o = 5*r. List the prime factors of z.
43
Let l = -6 + 8. Suppose l*d + 3*x - 12 = 4*x, -4 = -x. List the prime factors of d.
2
What are the prime factors of ((-201)/(-4))/((-26)/(-104))?
3, 67
Let b(s) = -s**3 - 11*s**2 - 7*s - 7. Let v be b(-5). Let y be 12/(-8) - v/4. Suppose 1 - y = -2*a. What are the prime factors of a?
2, 7
Let r be (-6)/27 - (-2)/9. Suppose -5*z - 4*d + r*d + 70 = 0, 0 = 5*z + 3*d - 65. List the prime factors of z.
2, 5
Let b(d) = -d**2 + 5*d + 3. Let y be b(5). Suppose 2*l = -y*l + 20. List the prime factors of l/14 - 136/(-14).
2, 5
Let d(p) = -p**2 + 3*p + 2. Let f be d(3). Suppose -5*h = 3*g - 57, 2*g + f = -0. List the prime factors of h.
2, 3
Let j = 31 - 20. List the prime factors of j.
11
Suppose -r - 2*r = -228. What are the prime factors of r?
2, 19
Let c(a) = -2*a + 29. Let n(h) = -h + 14. Let m(y) = -3*c(y) + 7*n(y). What are the prime factors of m(-10)?
3, 7
Let a(z) = -9*z - 41. List the prime factors of a(-6).
13
Suppose 0 = 2*s + 6*s - 592. List the prime factors of s.
2, 37
Suppose z + 65 = 3*w, 2*w - z = 5*w - 61. Let o = w - 6. List the prime factors of o.
3, 5
Suppose -21 = -4*a - s, 0*a + 4 = a - s. Let r be (-1517)/a + 2/5. What are the prime factors of r/(-27) - 4/18?
11
Let w be (-2)/4 + (-9)/(-18). Suppose w*q + 3*q - 27 = 0. List the prime factors of q.
3
Let u(v) = v**2 + 7*v - 4. Suppose 0 = z + 4*j + 19, -4*j - 33 = -0*z + 3*z. Let q be u(z). List the prime factors of -1 + (-2)/(q/10).
2
Let u be (-4)/1 + (-6)/3. List the prime factors of (-3)/u - 19/(-2).
2, 5
Let h be (-3 - 3)/((-2)/(-6)). Let g = 32 + h. What are the prime factors of g?
2, 7
Suppose -4 = g + 7. Let b(l) = 31*l**2 - 2*l + 1. Let i be b(1). Let r = i + g. 